 What is the highest common divisor of d and m?
18
Let h = 31860 - 31830. Calculate the greatest common divisor of 7554 and h.
6
Suppose -3*p - 12*u = -8*u - 852, 6 = 2*u. What is the highest common factor of p and 120?
40
Suppose -3*h - 2*h = -1125. Let x(p) = -95*p - 181. Let a be x(-2). What is the highest common factor of h and a?
9
Suppose 0 = -28*c + 26*c + 14022. Suppose 9*s - c = -10*s. Calculate the greatest common divisor of 41 and s.
41
Let l be (4 - -48)/((-140)/(-385)*11/6). What is the greatest common factor of 26 and l?
26
Let u be 2207/1 - (68/(-4) - -14). Calculate the highest common factor of 17 and u.
17
Suppose -519 = -2*j - 3*z, 4*j + z = 2*z + 1017. Let i = 1471 + -1456. Calculate the greatest common factor of i and j.
15
Let f = -7 - -28. Let v(y) = y**2 + 16*y - 29. Let g be v(16). What is the greatest common factor of g and f?
21
Suppose -4*k = -h + 13, -3*h - 5*k + 4 = -1. Suppose -27 = -h*n + 333. What is the highest common divisor of n and 54?
18
Suppose 28*r - 9 = 25*r. Suppose 0 = 2*u - 4370 + 4366. What is the highest common factor of u and r?
1
Let q be (-27 - 4/(-2))*((-144)/(-20))/(-9). What is the highest common divisor of 4140 and q?
20
Suppose -2*s + 2*c = -154, 5*s - 2*c - 397 + 15 = 0. What is the greatest common divisor of 1482 and s?
38
Let h(t) = 881*t - 15. Let s be h(-1). Let p be (s/(-14))/(8/12). What is the highest common divisor of p and 108?
12
Suppose -333*c = -324*c - 117. What is the greatest common divisor of c and 17979?
13
Suppose -4*h = -2*h - 92. Suppose -3*g - 4542 + 4605 = 0. Suppose -575 = -46*m + g*m. Calculate the greatest common factor of m and h.
23
Let v be (-21)/(-49) + 1520/14. Suppose -o + v = 16. Let f(k) = k**3 - 5*k**2 + 7*k - 4. Let d be f(5). Calculate the highest common divisor of o and d.
31
Suppose 3*a = 3*d - 135, 3*d = -15*a + 214 + 227. Suppose 3*o = -p - p + 496, p - 4*o = 248. Calculate the highest common divisor of p and d.
62
Suppose -5*x + 131 = -259. Suppose 5*m + 192 = -x. Let y be 84/(-18)*m/21. What is the greatest common factor of y and 48?
12
Let n be 1/((-5)/(-110) + 0). Let i be ((-1903)/n + -11)*6/(-5). What is the highest common factor of 9 and i?
9
Suppose -5*h + q + 4 + 54 = 0, -2*q + 38 = 4*h. Calculate the greatest common divisor of h and 55.
11
Suppose -42 = k - 2*w, 3*k - w + 70 + 41 = 0. Let m = -24 - k. Suppose 0 = -6*t + 7*t - m. Calculate the highest common divisor of t and 30.
6
Suppose 0 = -4*k + 7*l + 18858, 268 = -2*k + 4*l + 9698. What is the greatest common factor of k and 7?
7
Suppose 5*c - 24*s + 21*s - 43 = 0, 0 = 3*c + s - 37. Suppose 12*d = c*d + 64. Calculate the greatest common divisor of d and 56.
8
Suppose -3*c + 0*g + 214 = 22*g, -3*c - 3*g + 309 = 0. What is the highest common divisor of c and 1566?
54
Let l = -462 + 707. Suppose -30*b + 33*b = -3*c + 126, 0 = -b - 5*c + 14. What is the greatest common factor of b and l?
49
Let z be (-6)/4*56920/(-60). Suppose -8*m + 2289 + z = 0. Calculate the greatest common divisor of m and 29.
29
Let t(v) = 4*v**2 + 14*v + 2. Let u be t(-4). Suppose 2 = -4*b - 2, -194 = -3*q - b. What is the highest common divisor of q and u?
5
Let c = 8402 + -8198. What is the highest common divisor of c and 357?
51
Suppose 0 = -5*h - 0*h + 45. Suppose 528 = h*j - 7*j. What is the greatest common factor of 33 and j?
33
Let s be (0/66)/(1 - (-2)/(-1)). Suppose -76*m + 67*m + 171 = s. Calculate the greatest common divisor of m and 323.
19
Let v = -22156 + 22161. Let i(r) = 3*r**2 - 2*r + 2. Let k be i(2). Calculate the highest common factor of k and v.
5
Suppose -28*r + 106 = -1257 - 821. Calculate the highest common divisor of 143 and r.
13
Suppose 3*o + 60 = 39. Let y be -30*((-51)/6 - o). What is the greatest common factor of y and 30?
15
Suppose 87*u + 52140 - 3610875 = 0. What is the greatest common divisor of 405 and u?
405
Let x = -250 - -246. Let g be 53 + (-3)/((-6)/16) + x. Calculate the highest common factor of 19 and g.
19
Let t = 62 + -52. Let c(s) = 6*s + 34. Let g be c(t). Let y = g - 46. Calculate the highest common factor of y and 16.
16
Let m be ((-50)/2)/(2/(-16)). Suppose 7*x + 3*l - 208 = 3*x, 5*x - 3*l = 287. Suppose x*h - 3120 = 16*h. What is the highest common factor of h and m?
40
Let x be 11/(11/9) + -9 + 132. What is the highest common divisor of 60 and x?
12
Let x be 726/15 + (-4)/10. Let u be -2*(-2 - -11 - 10). Suppose 4*g - 9*t + 8*t - 65 = 0, -u*g + 27 = 5*t. Calculate the highest common divisor of g and x.
16
Suppose -5*z = -629 - 1841. Let x(h) = 3*h**2 - 389*h - 486. Let l be x(131). What is the highest common divisor of z and l?
38
Let d be (-68203)/(-6) - 775/(-930). Calculate the highest common factor of 84 and d.
28
Suppose 16*i - 1260 = -27*i - 83*i. Let q(g) = 4*g**2 - 5*g - 4. Let c be q(4). Calculate the highest common factor of c and i.
10
Let p(k) = k**3 - 13*k**2 + 14*k - 2. Let y be p(12). Suppose 97 = 2*g + 307. Let h = 347 + g. What is the greatest common divisor of h and y?
22
Let y = -71 + 415. Calculate the highest common divisor of 43 and y.
43
Let p be (-4)/(-26) - (5 + 1500/(-52)). Suppose 3*g + 3*g = -p. Let t be (52/(-14) - g) + 418/7. What is the highest common divisor of 20 and t?
20
Let h be (-25)/15*(-9456)/5. Calculate the highest common factor of 16 and h.
16
Let t be (-2)/(-4)*(-33 - -211). Suppose 6*a - 1153 = t. What is the greatest common divisor of a and 23?
23
Let r(q) = -84*q + 808. Let i be r(9). Let m be ((-52)/(-20))/((-1)/(-5)). What is the greatest common factor of i and m?
13
Let a be 39/5 + 2/10. Suppose 0 = 4*o - 2*z - 31 - 7, 18 = 3*o + 2*z. What is the highest common divisor of o and a?
8
Let z(u) = -2*u**3 - 7*u**2 - 3*u - 16. Let s be z(-4). Let h be 3/(-6)*(-18 + s). Calculate the highest common divisor of h and 93.
3
Let v = -4979 + 6060. Calculate the greatest common factor of 141 and v.
47
Let w = -3032 - -3188. What is the greatest common divisor of w and 114?
6
Suppose 40 = s - 6. Let g be (-1)/4 + 553/4. What is the greatest common factor of s and g?
46
Suppose 23426 = 3*q - 5*v, -5*q = -2*v - 30173 - 8864. Calculate the greatest common divisor of q and 1055.
211
Suppose -36*c = -55*c + 76. Let x be 1 + -3*(1 - 17). Suppose -x - 23 = -2*z. What is the highest common factor of c and z?
4
Suppose 12*i + 25 = 37. Let d be (-1 + -3)*((-39 - 2) + i). Calculate the greatest common factor of d and 20.
20
Let y(p) = -2*p**2 + 2*p + 4. Let g be y(-1). Suppose -3*q - q - b + 284 = 0, g = -q - 3*b + 82. Let s = 20 + 15. What is the highest common divisor of s and q?
35
Suppose -9*t - 5 = -10*t. Let m = 105 + t. What is the highest common factor of 66 and m?
22
Suppose 3*u = -0*u + 96. Suppose 5*h - 2*k = -430, 0 = 5*h - 2*h + k + 269. Let l = 152 + h. Calculate the highest common factor of u and l.
32
Suppose 4*l = 2*q + 5*l - 98, -5*q + 2*l + 236 = 0. What is the greatest common divisor of 1360 and q?
16
Let z(c) = -389*c + 2407. Let g be z(5). Calculate the highest common divisor of 99 and g.
33
Let g(s) = 3*s**2 + 2*s + 2. Let t be g(-4). Suppose -2*y - 4*u = -18, u + u + t = 2*y. What is the highest common divisor of 17 and y?
17
Let f = 9206 + -8915. What is the greatest common factor of f and 1261?
97
Let b(c) = c**3 + 14*c**2 + 5*c - 41. Let z be b(-5). Suppose 156*w + 2352 = z*w. What is the greatest common factor of 49 and w?
49
Let g = -345 + 515. Let y = 187 - g. What is the highest common factor of y and 136?
17
Suppose -27*w = -29*w + 8, -5*u - 4*w + 101 = 0. Let k(o) = -2*o**2 + 3*o - 12. Let t be k(8). Let x = 184 + t. Calculate the highest common divisor of x and u.
17
Let s(t) = -t**2 + 12*t + 30. Let o be s(-4). Let u(i) = -i**2 - 29*i + 181. Let n be u(o). Calculate the highest common divisor of n and 1.
1
Suppose 10946 - 10460 = 27*l. Suppose -5*a = -5*n + n + 18, -2*n + a + 6 = 0. What is the greatest common divisor of n and l?
2
Suppose -133473 - 153998 + 100634 = -287*u. Calculate the highest common factor of 465 and u.
93
Let m(z) = -z**2 + 166*z - 3411. Let p be m(27). Calculate the greatest common factor of 342 and p.
342
Let y(s) = 3*s**2 - 75*s + 223. Let u be y(-44). What is the highest common factor of 28 and u?
7
Suppose 2*d + 8000 = 4*w, 320*d = 315*d - 20. Calculate the highest common diviso